{"id":5835,"date":"2025-06-11T16:14:32","date_gmt":"2025-06-11T16:14:32","guid":{"rendered":"http:\/\/themenectar.com\/demo\/salient-blog-dark\/?page_id=5835"},"modified":"2025-06-11T16:14:32","modified_gmt":"2025-06-11T16:14:32","slug":"blog-dark-all-posts","status":"publish","type":"page","link":"https:\/\/bestprestamos.com\/blog\/","title":{"rendered":"Blog Dark All Posts"},"content":{"rendered":"[vc_row type=&#8221;full_width_background&#8221; full_screen_row_position=&#8221;middle&#8221; column_margin=&#8221;default&#8221; column_direction=&#8221;default&#8221; column_direction_tablet=&#8221;default&#8221; column_direction_phone=&#8221;default&#8221; bg_color=&#8221;#0a0a0a&#8221; scene_position=&#8221;center&#8221; text_color=&#8221;dark&#8221; text_align=&#8221;left&#8221; row_border_radius=&#8221;none&#8221; row_border_radius_applies=&#8221;bg&#8221; overflow=&#8221;visible&#8221; overlay_strength=&#8221;0.3&#8243; gradient_direction=&#8221;left_to_right&#8221; shape_divider_position=&#8221;bottom&#8221; bg_image_animation=&#8221;none&#8221; shape_type=&#8221;&#8221;][vc_column column_padding=&#8221;no-extra-padding&#8221; column_padding_tablet=&#8221;inherit&#8221; column_padding_phone=&#8221;inherit&#8221; column_padding_position=&#8221;all&#8221; column_element_spacing=&#8221;default&#8221; background_color_opacity=&#8221;1&#8243; background_hover_color_opacity=&#8221;1&#8243; column_shadow=&#8221;none&#8221; column_border_radius=&#8221;none&#8221; column_link_target=&#8221;_self&#8221; column_position=&#8221;default&#8221; gradient_direction=&#8221;left_to_right&#8221; overlay_strength=&#8221;0.3&#8243; width=&#8221;1\/1&#8243; tablet_width_inherit=&#8221;default&#8221; tablet_text_alignment=&#8221;default&#8221; phone_text_alignment=&#8221;default&#8221; animation_type=&#8221;default&#8221; bg_image_animation=&#8221;none&#8221; border_type=&#8221;simple&#8221; column_border_width=&#8221;none&#8221; column_border_style=&#8221;solid&#8221;][nectar_blog layout=&#8221;masonry-blog-full-screen-width&#8221; blog_masonry_style=&#8221;auto_meta_overlaid_spaced&#8221; auto_masonry_spacing=&#8221;4px&#8221; load_in_animation=&#8221;fade_in_from_bottom&#8221; category=&#8221;all&#8221; enable_pagination=&#8221;true&#8221; pagination_type=&#8221;default&#8221; order=&#8221;DESC&#8221; orderby=&#8221;date&#8221; blog_remove_post_date=&#8221;true&#8221; blog_remove_post_author=&#8221;true&#8221; posts_per_page=&#8221;20&#8243;][\/vc_column][\/vc_row]\n","protected":false},"excerpt":{"rendered":"<p>[vc_row type=&#8221;full_width_background&#8221; full_screen_row_position=&#8221;middle&#8221; column_margin=&#8221;default&#8221; column_direction=&#8221;default&#8221; column_direction_tablet=&#8221;default&#8221; column_direction_phone=&#8221;default&#8221; bg_color=&#8221;#0a0a0a&#8221; scene_position=&#8221;center&#8221; text_color=&#8221;dark&#8221; text_align=&#8221;left&#8221; row_border_radius=&#8221;none&#8221; row_border_radius_applies=&#8221;bg&#8221; overflow=&#8221;visible&#8221; overlay_strength=&#8221;0.3&#8243; gradient_direction=&#8221;left_to_right&#8221; shape_divider_position=&#8221;bottom&#8221; bg_image_animation=&#8221;none&#8221; shape_type=&#8221;&#8221;][vc_column column_padding=&#8221;no-extra-padding&#8221; column_padding_tablet=&#8221;inherit&#8221; column_padding_phone=&#8221;inherit&#8221; column_padding_position=&#8221;all&#8221; column_element_spacing=&#8221;default&#8221; background_color_opacity=&#8221;1&#8243;&#8230;<\/p>\n","protected":false},"author":1,"featured_media":6240,"parent":0,"menu_order":0,"comment_status":"closed","ping_status":"closed","template":"","meta":{"footnotes":""},"class_list":["post-5835","page","type-page","status-publish","has-post-thumbnail"],"yoast_head":"<!-- This site is optimized with the Yoast SEO Premium plugin v25.5 (Yoast SEO v25.3) - https:\/\/yoast.com\/wordpress\/plugins\/seo\/ -->\n<title>Mejores Prestamos En Linea Mexico Blog<\/title>\n<meta name=\"description\" content=\"Los pr\u00e9stamos en l\u00ednea son tambi\u00e9n llamados en M\u00e9xico pr\u00e9stamos r\u00e1pidos. Mejores Prestamos: Credy, Credity, Crezu, Dineria, Pezetita, Prestamoseneldi,..\" \/>\n<meta name=\"robots\" content=\"index, follow, max-snippet:-1, max-image-preview:large, max-video-preview:-1\" \/>\n<link rel=\"canonical\" href=\"https:\/\/bestprestamos.com\/blog\/\" \/>\n<meta property=\"og:locale\" content=\"en_US\" \/>\n<meta property=\"og:type\" content=\"article\" \/>\n<meta property=\"og:title\" content=\"Mejores Prestamos En Linea Mexico Blog\" \/>\n<meta property=\"og:description\" content=\"Los pr\u00e9stamos en l\u00ednea son tambi\u00e9n llamados en M\u00e9xico pr\u00e9stamos r\u00e1pidos. Mejores Prestamos: Credy, Credity, Crezu, Dineria, Pezetita, Prestamoseneldi,..\" \/>\n<meta property=\"og:url\" content=\"https:\/\/bestprestamos.com\/blog\/\" \/>\n<meta property=\"og:site_name\" content=\"Mejores Prestamos En Linea Mexico Blog\" \/>\n<meta name=\"twitter:card\" content=\"summary_large_image\" \/>\n<meta name=\"twitter:label1\" content=\"Est. reading time\" \/>\n\t<meta name=\"twitter:data1\" content=\"1 minute\" \/>\n<script type=\"application\/ld+json\" class=\"yoast-schema-graph\">{\"@context\":\"https:\/\/schema.org\",\"@graph\":[{\"@type\":\"WebPage\",\"@id\":\"https:\/\/bestprestamos.com\/blog\/\",\"url\":\"https:\/\/bestprestamos.com\/blog\/\",\"name\":\"Mejores Prestamos En Linea Mexico Blog\",\"isPartOf\":{\"@id\":\"https:\/\/bestprestamos.com\/blog\/#website\"},\"primaryImageOfPage\":{\"@id\":\"https:\/\/bestprestamos.com\/blog\/#primaryimage\"},\"image\":{\"@id\":\"https:\/\/bestprestamos.com\/blog\/#primaryimage\"},\"thumbnailUrl\":\"https:\/\/bestprestamos.com\/blog\/wp-content\/uploads\/2025\/06\/bestprestamos.jpg\",\"datePublished\":\"2025-06-11T16:14:32+00:00\",\"description\":\"Los pr\u00e9stamos en l\u00ednea son tambi\u00e9n llamados en M\u00e9xico pr\u00e9stamos r\u00e1pidos. Mejores Prestamos: Credy, Credity, Crezu, Dineria, Pezetita, Prestamoseneldi,..\",\"breadcrumb\":{\"@id\":\"https:\/\/bestprestamos.com\/blog\/#breadcrumb\"},\"inLanguage\":\"en-US\",\"potentialAction\":[{\"@type\":\"ReadAction\",\"target\":[\"https:\/\/bestprestamos.com\/blog\/\"]}]},{\"@type\":\"ImageObject\",\"inLanguage\":\"en-US\",\"@id\":\"https:\/\/bestprestamos.com\/blog\/#primaryimage\",\"url\":\"https:\/\/bestprestamos.com\/blog\/wp-content\/uploads\/2025\/06\/bestprestamos.jpg\",\"contentUrl\":\"https:\/\/bestprestamos.com\/blog\/wp-content\/uploads\/2025\/06\/bestprestamos.jpg\",\"width\":1920,\"height\":1180},{\"@type\":\"BreadcrumbList\",\"@id\":\"https:\/\/bestprestamos.com\/blog\/#breadcrumb\",\"itemListElement\":[{\"@type\":\"ListItem\",\"position\":1,\"name\":\"Home\",\"item\":\"https:\/\/bestprestamos.com\/blog\/\"},{\"@type\":\"ListItem\",\"position\":2,\"name\":\"Blog Dark All Posts\"}]},{\"@type\":\"WebSite\",\"@id\":\"https:\/\/bestprestamos.com\/blog\/#website\",\"url\":\"https:\/\/bestprestamos.com\/blog\/\",\"name\":\"Mejores Prestamos En Linea Mexico Blog\",\"description\":\"\",\"publisher\":{\"@id\":\"https:\/\/bestprestamos.com\/blog\/#organization\"},\"potentialAction\":[{\"@type\":\"SearchAction\",\"target\":{\"@type\":\"EntryPoint\",\"urlTemplate\":\"https:\/\/bestprestamos.com\/blog\/?s={search_term_string}\"},\"query-input\":{\"@type\":\"PropertyValueSpecification\",\"valueRequired\":true,\"valueName\":\"search_term_string\"}}],\"inLanguage\":\"en-US\"},{\"@type\":[\"Organization\",\"Place\"],\"@id\":\"https:\/\/bestprestamos.com\/blog\/#organization\",\"name\":\"Best Pr\u00e9stamos\",\"url\":\"https:\/\/bestprestamos.com\/blog\/\",\"logo\":{\"@id\":\"https:\/\/bestprestamos.com\/blog\/#local-main-organization-logo\"},\"image\":{\"@id\":\"https:\/\/bestprestamos.com\/blog\/#local-main-organization-logo\"},\"openingHoursSpecification\":[{\"@type\":\"OpeningHoursSpecification\",\"dayOfWeek\":[\"Monday\",\"Tuesday\",\"Wednesday\",\"Thursday\",\"Friday\",\"Saturday\",\"Sunday\"],\"opens\":\"09:00\",\"closes\":\"17:00\"}]},{\"@type\":\"ImageObject\",\"inLanguage\":\"en-US\",\"@id\":\"https:\/\/bestprestamos.com\/blog\/#local-main-organization-logo\",\"url\":\"https:\/\/bestprestamos.com\/blog\/wp-content\/uploads\/2022\/06\/logo-bestprestamos.jpg\",\"contentUrl\":\"https:\/\/bestprestamos.com\/blog\/wp-content\/uploads\/2022\/06\/logo-bestprestamos.jpg\",\"width\":900,\"height\":800,\"caption\":\"Best Pr\u00e9stamos\"}]}<\/script>\n<!-- \/ Yoast SEO Premium plugin. -->","yoast_head_json":{"title":"Mejores Prestamos En Linea Mexico Blog","description":"Los pr\u00e9stamos en l\u00ednea son tambi\u00e9n llamados en M\u00e9xico pr\u00e9stamos r\u00e1pidos. Mejores Prestamos: Credy, Credity, Crezu, Dineria, Pezetita, Prestamoseneldi,..","robots":{"index":"index","follow":"follow","max-snippet":"max-snippet:-1","max-image-preview":"max-image-preview:large","max-video-preview":"max-video-preview:-1"},"canonical":"https:\/\/bestprestamos.com\/blog\/","og_locale":"en_US","og_type":"article","og_title":"Mejores Prestamos En Linea Mexico Blog","og_description":"Los pr\u00e9stamos en l\u00ednea son tambi\u00e9n llamados en M\u00e9xico pr\u00e9stamos r\u00e1pidos. Mejores Prestamos: Credy, Credity, Crezu, Dineria, Pezetita, Prestamoseneldi,..","og_url":"https:\/\/bestprestamos.com\/blog\/","og_site_name":"Mejores Prestamos En Linea Mexico Blog","twitter_card":"summary_large_image","twitter_misc":{"Est. reading time":"1 minute"},"schema":{"@context":"https:\/\/schema.org","@graph":[{"@type":"WebPage","@id":"https:\/\/bestprestamos.com\/blog\/","url":"https:\/\/bestprestamos.com\/blog\/","name":"Mejores Prestamos En Linea Mexico Blog","isPartOf":{"@id":"https:\/\/bestprestamos.com\/blog\/#website"},"primaryImageOfPage":{"@id":"https:\/\/bestprestamos.com\/blog\/#primaryimage"},"image":{"@id":"https:\/\/bestprestamos.com\/blog\/#primaryimage"},"thumbnailUrl":"https:\/\/bestprestamos.com\/blog\/wp-content\/uploads\/2025\/06\/bestprestamos.jpg","datePublished":"2025-06-11T16:14:32+00:00","description":"Los pr\u00e9stamos en l\u00ednea son tambi\u00e9n llamados en M\u00e9xico pr\u00e9stamos r\u00e1pidos. Mejores Prestamos: Credy, Credity, Crezu, Dineria, Pezetita, Prestamoseneldi,..","breadcrumb":{"@id":"https:\/\/bestprestamos.com\/blog\/#breadcrumb"},"inLanguage":"en-US","potentialAction":[{"@type":"ReadAction","target":["https:\/\/bestprestamos.com\/blog\/"]}]},{"@type":"ImageObject","inLanguage":"en-US","@id":"https:\/\/bestprestamos.com\/blog\/#primaryimage","url":"https:\/\/bestprestamos.com\/blog\/wp-content\/uploads\/2025\/06\/bestprestamos.jpg","contentUrl":"https:\/\/bestprestamos.com\/blog\/wp-content\/uploads\/2025\/06\/bestprestamos.jpg","width":1920,"height":1180},{"@type":"BreadcrumbList","@id":"https:\/\/bestprestamos.com\/blog\/#breadcrumb","itemListElement":[{"@type":"ListItem","position":1,"name":"Home","item":"https:\/\/bestprestamos.com\/blog\/"},{"@type":"ListItem","position":2,"name":"Blog Dark All Posts"}]},{"@type":"WebSite","@id":"https:\/\/bestprestamos.com\/blog\/#website","url":"https:\/\/bestprestamos.com\/blog\/","name":"Mejores Prestamos En Linea Mexico Blog","description":"","publisher":{"@id":"https:\/\/bestprestamos.com\/blog\/#organization"},"potentialAction":[{"@type":"SearchAction","target":{"@type":"EntryPoint","urlTemplate":"https:\/\/bestprestamos.com\/blog\/?s={search_term_string}"},"query-input":{"@type":"PropertyValueSpecification","valueRequired":true,"valueName":"search_term_string"}}],"inLanguage":"en-US"},{"@type":["Organization","Place"],"@id":"https:\/\/bestprestamos.com\/blog\/#organization","name":"Best Pr\u00e9stamos","url":"https:\/\/bestprestamos.com\/blog\/","logo":{"@id":"https:\/\/bestprestamos.com\/blog\/#local-main-organization-logo"},"image":{"@id":"https:\/\/bestprestamos.com\/blog\/#local-main-organization-logo"},"openingHoursSpecification":[{"@type":"OpeningHoursSpecification","dayOfWeek":["Monday","Tuesday","Wednesday","Thursday","Friday","Saturday","Sunday"],"opens":"09:00","closes":"17:00"}]},{"@type":"ImageObject","inLanguage":"en-US","@id":"https:\/\/bestprestamos.com\/blog\/#local-main-organization-logo","url":"https:\/\/bestprestamos.com\/blog\/wp-content\/uploads\/2022\/06\/logo-bestprestamos.jpg","contentUrl":"https:\/\/bestprestamos.com\/blog\/wp-content\/uploads\/2022\/06\/logo-bestprestamos.jpg","width":900,"height":800,"caption":"Best Pr\u00e9stamos"}]}},"_links":{"self":[{"href":"https:\/\/bestprestamos.com\/blog\/wp-json\/wp\/v2\/pages\/5835","targetHints":{"allow":["GET"]}}],"collection":[{"href":"https:\/\/bestprestamos.com\/blog\/wp-json\/wp\/v2\/pages"}],"about":[{"href":"https:\/\/bestprestamos.com\/blog\/wp-json\/wp\/v2\/types\/page"}],"author":[{"embeddable":true,"href":"https:\/\/bestprestamos.com\/blog\/wp-json\/wp\/v2\/users\/1"}],"replies":[{"embeddable":true,"href":"https:\/\/bestprestamos.com\/blog\/wp-json\/wp\/v2\/comments?post=5835"}],"version-history":[{"count":2,"href":"https:\/\/bestprestamos.com\/blog\/wp-json\/wp\/v2\/pages\/5835\/revisions"}],"predecessor-version":[{"id":6130,"href":"https:\/\/bestprestamos.com\/blog\/wp-json\/wp\/v2\/pages\/5835\/revisions\/6130"}],"wp:featuredmedia":[{"embeddable":true,"href":"https:\/\/bestprestamos.com\/blog\/wp-json\/wp\/v2\/media\/6240"}],"wp:attachment":[{"href":"https:\/\/bestprestamos.com\/blog\/wp-json\/wp\/v2\/media?parent=5835"}],"curies":[{"name":"wp","href":"https:\/\/api.w.org\/{rel}","templated":true}]}}